[INFO] fetching crate phantom 0.0.4...
[INFO] checking phantom-0.0.4 against master#af3c6e733a40e671550e0f0f5aeecaa13772ba56 for pr-74989
[INFO] extracting crate phantom 0.0.4 into /workspace/builds/worker-5/source
[INFO] validating manifest of crates.io crate phantom 0.0.4 on toolchain af3c6e733a40e671550e0f0f5aeecaa13772ba56
[INFO] running `Command { std: "/workspace/cargo-home/bin/cargo" "+af3c6e733a40e671550e0f0f5aeecaa13772ba56" "read-manifest" "--manifest-path" "Cargo.toml", kill_on_drop: false }`
[INFO] started tweaking crates.io crate phantom 0.0.4
[INFO] finished tweaking crates.io crate phantom 0.0.4
[INFO] tweaked toml for crates.io crate phantom 0.0.4 written to /workspace/builds/worker-5/source/Cargo.toml
[INFO] running `Command { std: "/workspace/cargo-home/bin/cargo" "+af3c6e733a40e671550e0f0f5aeecaa13772ba56" "generate-lockfile" "--manifest-path" "Cargo.toml" "-Zno-index-update", kill_on_drop: false }`
[INFO] running `Command { std: "/workspace/cargo-home/bin/cargo" "+af3c6e733a40e671550e0f0f5aeecaa13772ba56" "fetch" "--locked" "--manifest-path" "Cargo.toml", kill_on_drop: false }`
[INFO] running `Command { std: "docker" "create" "-v" "/var/lib/crater-agent-workspace/builds/worker-5/target:/opt/rustwide/target:rw,Z" "-v" "/var/lib/crater-agent-workspace/builds/worker-5/source:/opt/rustwide/workdir:ro,Z" "-v" "/var/lib/crater-agent-workspace/cargo-home:/opt/rustwide/cargo-home:ro,Z" "-v" "/var/lib/crater-agent-workspace/rustup-home:/opt/rustwide/rustup-home:ro,Z" "-e" "SOURCE_DIR=/opt/rustwide/workdir" "-e" "CARGO_TARGET_DIR=/opt/rustwide/target" "-e" "CARGO_HOME=/opt/rustwide/cargo-home" "-e" "RUSTUP_HOME=/opt/rustwide/rustup-home" "-w" "/opt/rustwide/workdir" "-m" "1610612736" "--user" "0:0" "--network" "none" "rustops/crates-build-env@sha256:d92eaeed33fa75130ca1ee6c8a01d1ffb62bac859dfdfb3450e3e5d1c0146529" "/opt/rustwide/cargo-home/bin/cargo" "+af3c6e733a40e671550e0f0f5aeecaa13772ba56" "metadata" "--no-deps" "--format-version=1", kill_on_drop: false }`
[INFO] [stderr] WARNING: Your kernel does not support swap limit capabilities or the cgroup is not mounted. Memory limited without swap.
[INFO] [stdout] ebfed20cd07ba7446edc27c17c66758facf5cd5b715f2af4b250c2cecba1c22d
[INFO] running `Command { std: "docker" "start" "-a" "ebfed20cd07ba7446edc27c17c66758facf5cd5b715f2af4b250c2cecba1c22d", kill_on_drop: false }`
[INFO] running `Command { std: "docker" "inspect" "ebfed20cd07ba7446edc27c17c66758facf5cd5b715f2af4b250c2cecba1c22d", kill_on_drop: false }`
[INFO] running `Command { std: "docker" "rm" "-f" "ebfed20cd07ba7446edc27c17c66758facf5cd5b715f2af4b250c2cecba1c22d", kill_on_drop: false }`
[INFO] [stdout] ebfed20cd07ba7446edc27c17c66758facf5cd5b715f2af4b250c2cecba1c22d
[INFO] running `Command { std: "docker" "create" "-v" "/var/lib/crater-agent-workspace/builds/worker-5/target:/opt/rustwide/target:rw,Z" "-v" "/var/lib/crater-agent-workspace/builds/worker-5/source:/opt/rustwide/workdir:ro,Z" "-v" "/var/lib/crater-agent-workspace/cargo-home:/opt/rustwide/cargo-home:ro,Z" "-v" "/var/lib/crater-agent-workspace/rustup-home:/opt/rustwide/rustup-home:ro,Z" "-e" "SOURCE_DIR=/opt/rustwide/workdir" "-e" "CARGO_TARGET_DIR=/opt/rustwide/target" "-e" "CARGO_INCREMENTAL=0" "-e" "RUST_BACKTRACE=full" "-e" "RUSTFLAGS=--cap-lints=forbid" "-e" "CARGO_HOME=/opt/rustwide/cargo-home" "-e" "RUSTUP_HOME=/opt/rustwide/rustup-home" "-w" "/opt/rustwide/workdir" "-m" "1610612736" "--user" "0:0" "--network" "none" "rustops/crates-build-env@sha256:d92eaeed33fa75130ca1ee6c8a01d1ffb62bac859dfdfb3450e3e5d1c0146529" "/opt/rustwide/cargo-home/bin/cargo" "+af3c6e733a40e671550e0f0f5aeecaa13772ba56" "check" "--frozen" "--all" "--all-targets" "--message-format=json", kill_on_drop: false }`
[INFO] [stdout] f16b343fa848298665da829344b30f0fcb59b12d0e386bd694187a0371d80adb
[INFO] [stderr] WARNING: Your kernel does not support swap limit capabilities or the cgroup is not mounted. Memory limited without swap.
[INFO] running `Command { std: "docker" "start" "-a" "f16b343fa848298665da829344b30f0fcb59b12d0e386bd694187a0371d80adb", kill_on_drop: false }`
[INFO] [stderr]     Checking phantom v0.0.4 (/opt/rustwide/workdir)
[INFO] [stdout] error[E0541]: unknown meta item 'reason'
[INFO] [stdout]  --> src/lib.rs:1:15
[INFO] [stdout]   |
[INFO] [stdout] 1 | #![deprecated(reason = "Use std::marker::PhantomData instead.", since = "0.0.4")]
[INFO] [stdout]   |               ^^^^^^^^^^^^^^^^^^^^^^^^^^^^^^^^^^^^^^^^^^^^^^^^ expected one of `since`, `note`
[INFO] [stdout] 
[INFO] [stdout] 
[INFO] [stdout] error[E0541]: unknown meta item 'reason'
[INFO] [stdout]   --> src/lib.rs:10:14
[INFO] [stdout]    |
[INFO] [stdout] 10 | #[deprecated(reason = "Use std::marker::PhantomData instead.", since = "0.0.4")]
[INFO] [stdout]    |              ^^^^^^^^^^^^^^^^^^^^^^^^^^^^^^^^^^^^^^^^^^^^^^^^ expected one of `since`, `note`
[INFO] [stdout] 
[INFO] [stdout] 
[INFO] [stdout] error[E0541]: unknown meta item 'reason'
[INFO] [stdout]  --> src/lib.rs:1:15
[INFO] [stdout]   |
[INFO] [stdout] 1 | #![deprecated(reason = "Use std::marker::PhantomData instead.", since = "0.0.4")]
[INFO] [stdout]   |               ^^^^^^^^^^^^^^^^^^^^^^^^^^^^^^^^^^^^^^^^^^^^^^^^ expected one of `since`, `note`
[INFO] [stdout] 
[INFO] [stdout] 
[INFO] [stdout] error[E0541]: unknown meta item 'reason'
[INFO] [stdout]   --> src/lib.rs:10:14
[INFO] [stdout]    |
[INFO] [stdout] 10 | #[deprecated(reason = "Use std::marker::PhantomData instead.", since = "0.0.4")]
[INFO] [stdout]    |              ^^^^^^^^^^^^^^^^^^^^^^^^^^^^^^^^^^^^^^^^^^^^^^^^ expected one of `since`, `note`
[INFO] [stdout] 
[INFO] [stdout] 
[INFO] [stdout] error: aborting due to 2 previous errors
[INFO] [stdout] 
[INFO] [stdout] 
[INFO] [stdout] For more information about this error, try `rustc --explain E0541`.
[INFO] [stdout] 
[INFO] [stderr] error: could not compile `phantom`.
[INFO] [stderr] 
[INFO] [stderr] To learn more, run the command again with --verbose.
[INFO] [stderr] warning: build failed, waiting for other jobs to finish...
[INFO] [stdout] error: aborting due to 2 previous errors
[INFO] [stdout] 
[INFO] [stdout] 
[INFO] [stdout] For more information about this error, try `rustc --explain E0541`.
[INFO] [stdout] 
[INFO] [stderr] error: build failed
[INFO] running `Command { std: "docker" "inspect" "f16b343fa848298665da829344b30f0fcb59b12d0e386bd694187a0371d80adb", kill_on_drop: false }`
[INFO] running `Command { std: "docker" "rm" "-f" "f16b343fa848298665da829344b30f0fcb59b12d0e386bd694187a0371d80adb", kill_on_drop: false }`
[INFO] [stdout] f16b343fa848298665da829344b30f0fcb59b12d0e386bd694187a0371d80adb
